r when 27 is divided by (264/(-18))/(32/(-24)).
5
Suppose -3*q - 9 = -3*a, -a - 4*q = -0*q + 12. Let v(z) = -z**2 + 2. Let l(r) = -r**2 + 7*r + 6. What is the remainder when l(7) is divided by v(a)?
0
Let f(a) = -a**3 + 6*a**2 + 3*a + 5. Let c(m) = -2*m - 4. Let u be c(-5). Calculate the remainder when (-8)/6*-33 + 1 is divided by f(u).
22
Suppose k + 16 = -k. Let n be 0*2/k + -2. What is the remainder when 35 is divided by -4 + (-13)/2*n?
8
Let o(h) = -h + 7. Suppose -s + 2*s + 4*x = -10, -s + 2*x = -8. Suppose -u + s*u - 14 = 0. What is the remainder when u is divided by o(2)?
4
Suppose k = 8*k. Suppose k = -x + 6 + 3. What is the remainder when 42 is divided by x?
6
Let b(z) = -35*z + 330. What is the remainder when 55 is divided by b(9)?
10
Suppose 0 = 3*i - 6*i + x + 379, 637 = 5*i - 3*x. Calculate the remainder when i is divided by 12.
5
Calculate the remainder when 25 is divided by 10 + (-30)/(0 + 6).
0
Let b = 27 - 29. Let f be b/(5/(255/6)). Let z = -12 - f. What is the remainder when 7 is divided by z?
2
Let h(u) = -2*u**3 + 2*u**2 - 2. Let r be h(-2). Suppose -z - 9 = -v, r = 2*v - 0*z - 3*z. What is the remainder when 29 is divided by v?
4
Let g = -3 + 5. Suppose -3*q + 3 = -4*n, 2*n - 15 = 5*n + g*q. Calculate the remainder when 2 is divided by -2 - (n + (2 - 2)).
0
Suppose 33*f - 37*f + 3*v + 468 = 0, -3*f + 351 = 3*v. Calculate the remainder when f is divided by 15.
12
Let r(w) = 4*w**3 - w**2 + 2*w. Let v(k) = k**3 - k**2. Let o(g) = -r(g) + 6*v(g). What is the remainder when o(4) is divided by 11?
7
Suppose f + 6 = 11. Let q = 13 - f. Let l(r) = r - 2. Calculate the remainder when 16 is divided by l(q).
4
Let l be ((-84)/(-10))/((-6)/(-15)). Let x = l + 4. What is the remainder when 688/7 - 12/42 is divided by x?
23
Suppose 5309 - 239 = 26*o. What is the remainder when o is divided by 77?
41
Let x = 96 - -32. What is the remainder when x is divided by 17?
9
Let m(p) = 8*p**2 - p - 5. Let h be m(3). Suppose -32 - 18 = -y + 4*j, 0 = -2*y - j + h. Calculate the remainder when y is divided by 4.
2
Let d(c) = c**3 + c**2 - 6*c + 3. Let s be -2 + ((-1)/1 - 0/2). What is the remainder when 4 is divided by d(s)?
1
Suppose 8559 = 7*b + 20*b. What is the remainder when b is divided by 53?
52
Suppose 58*i + 37 = 59*i. What is the remainder when i is divided by 12?
1
Let l be -2 + 0 - (-3 - (7 + -4)). Suppose 3*c = 5*y - 36, -27 = l*y + 2*c - 69. Calculate the remainder when y is divided by 6.
3
Let l(o) = -2*o**3 - 6*o - o + 5 + 9*o**2 + o**3. Let g(b) = -10*b + 134. What is the remainder when g(11) is divided by l(8)?
11
Suppose -898*d + 264 = -894*d. What is the remainder when d is divided by 25?
16
Let y be (-88)/(-6)*45/10. Let j = y + -50. Calculate the remainder when 57 is divided by j.
9
Let p(t) = -795*t**3 + 2*t**2 + 5*t + 4. Calculate the remainder when p(-1) is divided by 42.
40
What is the remainder when ((-45)/(-75))/((-9)/(-1605)) is divided by 23?
15
Let m = -366 - -388. What is the remainder when 56 is divided by m?
12
Suppose j + 2*k - 167 = 0, 2*j - 3*j + 2*k = -187. Calculate the remainder when j is divided by 15.
12
Suppose 0 = -3*k - k - 4*m + 76, -5*k = -2*m - 60. Let b = 7 - -44. Calculate the remainder when b is divided by k.
9
Let t(f) = -f**3 - 8*f**2 + 2*f + 16. Let v be t(-8). Let m(j) = j**3 - j**2 - j + 10. Calculate the remainder when 55 is divided by m(v).
5
Calculate the remainder when 10 - 22 - -66 - (0 - 1) is divided by -1 - (-32)/(2/1).
10
Let g(v) = 2*v**3 + 16*v**2 + 4*v + 4. Let q be g(-9). Let j = -136 - q. Calculate the remainder when j is divided by 30.
28
Let u = 454 - 411. Let a = 6 - 2. Calculate the remainder when u is divided by a.
3
Suppose -4*a = 175 - 467. Let n = a - 7. Suppose 5*l - n = 124. What is the remainder when l is divided by 20?
18
Suppose -15 = 5*l, 0 = 3*i - l - 12 - 42. Let z = -98 + 100. Suppose 8*g - 30 = z*g. What is the remainder when i is divided by g?
2
Let q be -2 + (-8060)/(-25) - (-4)/(-10). Suppose -18*i + q = -10*i. What is the remainder when i is divided by 22?
18
Suppose -15*t = -7*t - 288. Suppose -2*m + 70 = 4*p, -5*p + 0*p + m = -105. Calculate the remainder when t is divided by p.
16
Let u be (-56)/(-14)*((-13)/(-4) + -1). Suppose u*m = 4*m + 5*x + 180, -72 = -2*m + 5*x. What is the remainder when m is divided by 20?
16
Let v be -1*(1 + 0)*-2. Suppose -v*u = -4*d + 6*d - 16, 5*d - 10 = 0. What is the remainder when 9 is divided by u?
3
Suppose 4*x = 2*l - 10, -4*l + 0*x + 35 = -5*x. Let u = l - 16. What is the remainder when 31 is divided by -1 - -34*u/(-2)?
15
Let q(g) = -g**3 - 22*g**2 - 104*g - 26. Calculate the remainder when 118 is divided by q(-6).
8
Suppose -4*d + 12 + 11 = t, d = 2. Suppose -6*q = -q - t. Suppose q*w - 31 = 2*r, w - 3 = -3*r - 0. Calculate the remainder when w is divided by 4.
1
Let r(a) = -a**2 + 7*a + 7. Let w be r(8). Let g be (-24)/w*4/8. Let p(f) = -f**3 + 13*f**2 - 10*f - 5. What is the remainder when 36 is divided by p(g)?
17
Let i(w) = 261*w**2 - w. Suppose 0*f - 3 = 3*f. Let y be i(f). Suppose -3*c = -b - y, -4*c + 0*b + 344 = -4*b. Calculate the remainder when c is divided by 30.
28
Calculate the remainder when (4 - 1)/((-48)/(-1184)) is divided by 0 - (-1 + -18)/1.
17
Let q(k) = -k**3 + 2*k**2 + 19*k - 34. What is the remainder when 263 is divided by q(4)?
3
Let y = 10 + 10. Suppose 2*w - 276 = h, -8*w + 7*w + 4*h + 152 = 0. What is the remainder when w is divided by y?
16
Let f(b) = 7*b**2 + 9*b - 7. Let v(n) = 4*n**2 - 10*n**2 + 8 - 13*n + 4*n. Let p(t) = 5*f(t) + 6*v(t). Calculate the remainder when 38 is divided by p(-9).
12
What is the remainder when 689 - 1/4*48/12 is divided by 21?
16
Let n = 249 + -187. What is the remainder when n is divided by 22?
18
Suppose -4*a = 5*v - 64, -a + 12 = -4*v + 5*v. Calculate the remainder when 36 is divided by 28/v*(6 - 2) + 1.
4
Calculate the remainder when 2*3*(-533)/(-39) is divided by 27.
1
Let q = 2306 - 2078. Calculate the remainder when q is divided by 78.
72
Let g be 23/1 + 0 + 1. Suppose -g = 2*b - 4*b. What is the remainder when 45 is divided by b?
9
Suppose 41*i - 65*i + 3072 = 0. Calculate the remainder when i is divided by 77.
51
Let t = -159 + 247. What is the remainder when t is divided by 30?
28
Let x = 11 - -1. What is the remainder when (8/x)/(1/36) is divided by 9?
6
Calculate the remainder when 58 is divided by 23 + -2 + (-2 + 2)/2.
16
Let x(w) = w**3 - 10*w**2 - 9*w - 15. Suppose -2*q = -17 + 5. Calculate the remainder when x(11) is divided by 16/q*15/20.
1
Suppose 28*i - 30*i = -6. Suppose -726 = -3*b + i*j, 530 = 4*b + j - 463. Calculate the remainder when b is divided by 31.
30
Calculate the remainder when (90/12 + -7)/(1/212) is divided by 29.
19
Let j = -409 + 572. Calculate the remainder when j is divided by 56.
51
Suppose -4*p + 3*d = -285, 2*p - d - 150 + 5 = 0. What is the remainder when 288 is divided by p?
63
Let k be (42/3)/(4/6). Suppose -6*g + 10*g = 120. Calculate the remainder when 17 is divided by (k/(-35))/((-2)/g).
8
Suppose -o = -4*o + 39. Suppose o*z - 9*z - 3*j = 355, -4*z + j = -345. What is the remainder when z is divided by 30?
25
Suppose 0 = 8*h - 11*h + 285. Let r = 100 - h. What is the remainder when 24 is divided by r?
4
Let o = -9 + 33. What is the remainder when o is divided by ((-30)/(-36))/(25/10)*39?
11
Let c(z) = -10*z**2 - 171*z - 19. Calculate the remainder when c(-13) is divided by 37.
33
Let o(g) = 5*g**2 + 14*g + 65. What is the remainder when o(-5) is divided by 25?
20
Let z be 4/(-3)*171/6. Let o = 7 - 10. Let v = o - z. Calculate the remainder when v is divided by 13.
9
Let g = -47 - -34. Let p = g - -23. Let n(d) = -d**3 + 9*d**2 + 10*d + 12. Calculate the remainder when 46 is divided by n(p).
10
Let d(y) = y**3 + 3*y**2 - 2*y - 1. Let k be (9/6)/((-21)/(-70)). Let b be (-15)/6*4/k. Calculate the remainder when 25 is divided by d(b).
4
Let x(k) = -k + 29. Let o be x(0). Suppose -y + 5*w - o = 0, y = -0*y + w - 49. Let c = -2 - y. Calculate the remainder when c is divided by 18.
16
Let h = 27 + -26. Calculate the remainder when 75 is divided by 1 + h - (-4 + -13).
18
Let j(u) = u**3 + 5*u**2 - 6*u + 6. Calculate the remainder when j(-6) is divided by 7 + (-9 - -5) - 1.
0
What is the remainder when 223 is divided 